{"id":127,"date":"2024-08-22T17:53:53","date_gmt":"2024-08-22T17:53:53","guid":{"rendered":"https:\/\/www.xn--heinosensti-t8aa8w.fi\/index.php\/heinosen-saatio\/"},"modified":"2024-08-22T18:00:20","modified_gmt":"2024-08-22T18:00:20","slug":"heinosen-saatio","status":"publish","type":"page","link":"https:\/\/www.xn--heinosensti-t8aa8w.fi\/","title":{"rendered":"Heinosen s\u00e4\u00e4ti\u00f6"},"content":{"rendered":"\n    \n    <section class=\"u-clearfix u-gradient u-section-2\" id=\"sec-28a0\">\n      <div class=\"u-clearfix u-sheet u-sheet-1\">\n        <img decoding=\"async\" class=\"custom-expanded u-image u-image-round u-radius u-image-1\" src=\"https:\/\/www.xn--heinosensti-t8aa8w.fi\/wp-content\/uploads\/2024\/08\/Perhe_1-6.jpg\" data-image-width=\"832\" data-image-height=\"1199\">\n        <h2 class=\"u-align-center-xs u-text u-text-body-alt-color u-text-default-lg u-text-default-xl u-text-1\" data-animation-name=\"customAnimationIn\" data-animation-duration=\"1500\" data-animation-delay=\"250\"> ILMI JA VIENO HEINOSEN S\u00c4\u00c4TI\u00d6 ILMOITTAA APURAHOJA HAETTAVAKSI <\/h2>\n        <img decoding=\"async\" class=\"u-expanded-width-xs u-image u-image-contain u-image-round u-preserve-proportions u-radius u-image-2\" src=\"https:\/\/www.xn--heinosensti-t8aa8w.fi\/wp-content\/uploads\/2024\/08\/Sti_logo_2_Tumma_235kork-6.jpg\" alt=\"\" data-image-width=\"1494\" data-image-height=\"235\">\n      <\/div>\n    <\/section>\n    <section class=\"u-align-center u-clearfix u-container-align-center u-grey-5 u-section-3\" id=\"carousel_b4f4\">\n      <div class=\"u-clearfix u-sheet u-sheet-1\">\n        <p class=\"u-text u-text-grey-40 u-text-1\" data-animation-name=\"customAnimationIn\" data-animation-duration=\"1500\"> Ilmi ja Vieno Heinosen s\u00e4\u00e4ti\u00f6 on perustettu vuonna 2018. S\u00e4\u00e4ti\u00f6 toimii Ilmi ja Vieno Heinosen testamenttim\u00e4\u00e4r\u00e4yksen mukaisesti ja toteuttaa tarkoitustaan my\u00f6nt\u00e4m\u00e4ll\u00e4 apurahoja reumaa sairastavien satakuntalaisten liikuntaharrastukseen ja kuntoutukseen.<\/p>\n        <p class=\"u-text u-text-2\" data-animation-name=\"customAnimationIn\" data-animation-duration=\"1500\"> Erityisesti tukea kohdistetaan reumaa sairastavien nuorten ja lasten harrastustoimintaan ja opiskeluun. Lis\u00e4ksi tukea my\u00f6nnet\u00e4\u00e4n sosioekonomisesti heikossa asemassa olevien reumaatikkojen taloudelliseen tukemiseen.&nbsp;Tukea voi hakea ymp\u00e4ri vuoden.&nbsp;Haku tapahtuu l\u00e4hett\u00e4m\u00e4ll\u00e4 m\u00e4\u00e4r\u00e4muotoinen hakemus liitteineen Porin seudun reumayhdistykselle, joka hoitaa k\u00e4sittely\u00e4 yhdess\u00e4 s\u00e4\u00e4ti\u00f6n kanssa.&nbsp;<br>\n          <br>Hakemuspohjan voi hakea n\u00e4ilt\u00e4 kotisivuilta ( heinosens\u00e4\u00e4ti\u00f6.fi ) tai Porin Seudun Reumayhdistyksen sivuilta (<a href=\"https:\/\/porinseudunreumayhdistys.nettisivut.fi\/\" class=\"u-active-none u-border-none u-btn u-button-link u-button-style u-hover-none u-none u-text-palette-1-base u-btn-1\" target=\"_blank\"> porinseudunreumayhdistys.nettisivut.fi <\/a>). <br>\n          <br>Hakemus tulee t\u00e4ytt\u00e4\u00e4 selke\u00e4ll\u00e4 k\u00e4sialalla. Hakemukseen tarvitaan aina hoitavan yksik\u00f6n leima, sek\u00e4 hoitajan tai l\u00e4\u00e4k\u00e4rin allekirjoitus. <br>\n          <br>Lis\u00e4tietoja hakemisesta saa Porin Seudun Reumayhdistyksest\u00e4. J\u00e4senyys Porin Seudun Reumayhdistyksess\u00e4 ei ole tuen my\u00f6nt\u00e4misen edellytys. Hakemukset k\u00e4sitell\u00e4\u00e4n tuloj\u00e4rjestyksess\u00e4 s\u00e4\u00e4ti\u00f6n hallituksen kokouksissa.&nbsp;<br>\n        <\/p>\n        <a href=\"https:\/\/www.xn--heinosensti-t8aa8w.fi\/wp-content\/uploads\/2024\/08\/Stihakemus_Lapset1-6.pdf\" class=\"u-active-palette-2-base u-border-none u-btn u-btn-round u-button-style u-file-link u-hover-palette-2-base u-palette-1-base u-radius-50 u-text-active-white u-text-body-alt-color u-text-hover-white u-btn-2\" data-animation-name=\"customAnimationIn\" data-animation-duration=\"1500\" data-animation-delay=\"750\" target=\"_blank\">Hakemuspohja - lapset<\/a>\n        <a href=\"https:\/\/www.xn--heinosensti-t8aa8w.fi\/wp-content\/uploads\/2024\/08\/Stihakemus_Aikuiset1-6.pdf\" class=\"u-active-palette-2-base u-border-none u-btn u-btn-round u-button-style u-file-link u-hover-palette-2-base u-palette-1-base u-radius-50 u-text-active-white u-text-body-alt-color u-text-hover-white u-btn-3\" data-animation-name=\"customAnimationIn\" data-animation-duration=\"1500\" data-animation-delay=\"750\" target=\"_blank\">Hakemuspohja - aikuiset<\/a>\n      <\/div>\n    <\/section>\n    \n    \n    \n    \n  \n","protected":false},"excerpt":{"rendered":"<p>ILMI JA VIENO HEINOSEN S\u00c4\u00c4TI\u00d6 ILMOITTAA APURAHOJA HAETTAVAKSI Ilmi ja Vieno Heinosen s\u00e4\u00e4ti\u00f6 on perustettu vuonna 2018. S\u00e4\u00e4ti\u00f6 toimii Ilmi ja Vieno Heinosen testamenttim\u00e4\u00e4r\u00e4yksen mukaisesti ja toteuttaa tarkoitustaan my\u00f6nt\u00e4m\u00e4ll\u00e4 apurahoja reumaa sairastavien satakuntalaisten liikuntaharrastukseen ja kuntoutukseen. Erityisesti tukea kohdistetaan reumaa sairastavien nuorten ja lasten harrastustoimintaan ja opiskeluun. Lis\u00e4ksi tukea my\u00f6nnet\u00e4\u00e4n sosioekonomisesti heikossa asemassa olevien reumaatikkojen &hellip; <a href=\"https:\/\/www.xn--heinosensti-t8aa8w.fi\/\" class=\"more-link\">Continue reading<span class=\"screen-reader-text\"> &#8221;Heinosen s\u00e4\u00e4ti\u00f6&#8221;<\/span><\/a><\/p>\n","protected":false},"author":1,"featured_media":0,"parent":0,"menu_order":1,"comment_status":"closed","ping_status":"closed","template":"","meta":{"footnotes":""},"class_list":["post-127","page","type-page","status-publish","hentry"],"_links":{"self":[{"href":"https:\/\/www.xn--heinosensti-t8aa8w.fi\/index.php\/wp-json\/wp\/v2\/pages\/127"}],"collection":[{"href":"https:\/\/www.xn--heinosensti-t8aa8w.fi\/index.php\/wp-json\/wp\/v2\/pages"}],"about":[{"href":"https:\/\/www.xn--heinosensti-t8aa8w.fi\/index.php\/wp-json\/wp\/v2\/types\/page"}],"author":[{"embeddable":true,"href":"https:\/\/www.xn--heinosensti-t8aa8w.fi\/index.php\/wp-json\/wp\/v2\/users\/1"}],"replies":[{"embeddable":true,"href":"https:\/\/www.xn--heinosensti-t8aa8w.fi\/index.php\/wp-json\/wp\/v2\/comments?post=127"}],"version-history":[{"count":1,"href":"https:\/\/www.xn--heinosensti-t8aa8w.fi\/index.php\/wp-json\/wp\/v2\/pages\/127\/revisions"}],"predecessor-version":[{"id":128,"href":"https:\/\/www.xn--heinosensti-t8aa8w.fi\/index.php\/wp-json\/wp\/v2\/pages\/127\/revisions\/128"}],"wp:attachment":[{"href":"https:\/\/www.xn--heinosensti-t8aa8w.fi\/index.php\/wp-json\/wp\/v2\/media?parent=127"}],"curies":[{"name":"wp","href":"https:\/\/api.w.org\/{rel}","templated":true}]}}